 factors of q?
23
Let c(o) = -2*o - 7. Let z be c(0). Let n(t) = t**3 - 7*t**2 - t - 6. Let y be n(-5). What are the prime factors of (2/2)/(z/y)?
43
Let u(v) = 11*v**2 + 2*v - 2. Let n be u(2). Suppose 5*b - w - 143 = -5*w, b = 5*w + n. List the prime factors of b - (-1 + 1 + 4).
3
Suppose 5*k + 3*q = 3749, k - 771 = -5*q - 30. What are the prime factors of k?
751
Suppose u + 23 = 2*u - 4*j, 0 = -u - 4*j - 9. Let w = 61 - 56. Suppose -w*a - 17 = -2*v, -2*a = -5*v - u*a + 25. List the prime factors of v.
2, 3
Suppose 6 = 3*o - 6. Suppose 897 - 69 = o*i. List the prime factors of i.
3, 23
Let l = -1783 + 6319. What are the prime factors of l?
2, 3, 7
Let r(m) = 292*m**3 + m**2 - 4*m + 3. List the prime factors of r(1).
2, 73
Suppose h - 6*o - 17 = -2*o, -o - 6 = -2*h. Let y be -4*h - -1 - -7. What are the prime factors of 55/2 - 2/y?
3
Let z(d) = 5*d**2 - 3*d + 5. List the prime factors of z(2).
19
Let x(o) = o**3 + 8*o**2 + 7*o + 4. Let b be x(-7). List the prime factors of (b + -3 + -2)*-21.
3, 7
Suppose -7*s - 435 = -2*x - 12*s, -s + 3 = 0. What are the prime factors of x?
2, 3, 5, 7
Let q(h) = -h**2 + 9*h + 10. Let v = 19 - 9. Let k be q(v). Suppose k = g - 11 + 3. What are the prime factors of g?
2
Suppose 18*b = 20*b - 2. Suppose 0 = 5*x - 2*r - 5, 4*x - 8 = r - b. Suppose -x*u + a - 49 = -7*u, -u + 13 = a. List the prime factors of u.
2, 3
Let s(h) = -4*h - 7. Let k be s(-12). Suppose 0 = 4*r + 71 + k. Let d = r + 38. What are the prime factors of d?
2, 5
Let r = 11 + -6. Suppose -r*w + v + 48 = -w, -4*w = 2*v - 36. Suppose 4*h - 71 = -g - w, g = 5*h + 87. List the prime factors of g.
2, 3
Suppose 5*k - 8826 = -3*g + 10*k, -k + 2934 = g. What are the prime factors of g?
3, 11, 89
Suppose 6*n - 4 + 10 = 0. List the prime factors of -17*((-3)/1)/(n/(-3)).
3, 17
Let q be -29*(5/5 + 0). Let m = q + 84. What are the prime factors of m?
5, 11
Suppose 60*c - 40*c = 9620. What are the prime factors of c?
13, 37
Let w(s) = 5*s - 2. Suppose -y - 5*p - 59 = -5*y, y + 5*p = -4. Let n = 16 - y. List the prime factors of w(n).
23
Let i(m) = m**2 - 4*m + 4. Let r be i(2). Suppose 3*q - 15 = r, 3*v + 3 = -4*q + 38. Suppose 0 = v*h - 40 - 35. List the prime factors of h.
3, 5
Let r be ((-12)/15)/(2/(-5)). Let t(s) = -r*s - 2*s + 4*s + 2*s + 31. List the prime factors of t(0).
31
Suppose -183*i + 4810 = -157*i. What are the prime factors of i?
5, 37
Let z(d) = 3*d**2 + 3*d + 3. Let t be z(-1). Suppose 3*h - 114 = -3*m, -t*h = -2*m + 2*h + 104. What are the prime factors of m?
2, 3, 7
Let n = -19 + 24. Suppose -v + n*q = -37, 3*q - 64 = -v - 3. What are the prime factors of v?
2, 13
Suppose -2*v = 2*v - 28. Suppose 2*y = -4*q + 98, -2*q - 95 = -2*y - v*q. Let r = 83 - y. What are the prime factors of r?
2, 7
Suppose -3*h + 155 = -157. Let b be (-1753)/(-13) - (-16)/h. Suppose 0*j = j + 2*l - 80, -2*j + b = -l. What are the prime factors of j?
2, 5, 7
Suppose -g + 12 = -2*c, 4*c + 36 = 5*g - 0*g. What are the prime factors of g - (-1 - 7)*1?
2, 3
Let r be 2 + -2 - -1*8. Suppose -r*c = -4*c - 572. List the prime factors of c.
11, 13
Let m(a) = -a. Let n(i) = i**2 + 6*i + 10. Let w be n(-4). Suppose -4 = w*t + 2. What are the prime factors of m(t)?
3
Let k be (-6 + 7)*5 - (-2)/(-1). Suppose 5*n + k*h - 506 = 117, -3*n + 367 = -5*h. What are the prime factors of n?
2, 31
Let p = -28 - -17. What are the prime factors of 1 - (-9)/p - (-5352)/88?
61
Suppose 3*m - 8*m = 150. Let a be (0 + 1)/((-1)/m). What are the prime factors of (-10)/(-4)*48/a?
2
Let z(k) = 162*k - 278. What are the prime factors of z(13)?
2, 457
Let m = -651 - -1046. What are the prime factors of m?
5, 79
Let r = 341 + -158. List the prime factors of r.
3, 61
Suppose 0 = -10*j + 32905 + 17285. List the prime factors of j.
3, 7, 239
What are the prime factors of (33/22)/((-3)/(-1564))?
2, 17, 23
Let w(n) = -8*n**3 - 5*n**2 - 11*n - 6. Let z be w(-4). Let i = z + -272. List the prime factors of i.
2, 3, 11
Let o = 106 - -298. List the prime factors of o.
2, 101
Let k be (-1)/((8/84)/(-2)). Let r = k + -18. Suppose 2*c = -r*c + 5*d + 210, d - 204 = -5*c. List the prime factors of c.
41
Suppose 3*j = 8*j. Suppose j = -2*w + 10, -2*n + w = 2*n - 11. Suppose 16 = 2*x + 2*k, 3*x - n*k - k = 24. List the prime factors of x.
2
Suppose 0 = -0*l - 2*l + 3*v + 14, -l + 12 = -4*v. Suppose 3*j - 2*o - 223 = 194, -417 = -3*j + l*o. List the prime factors of j.
139
Let p = 43 - 40. Suppose 2*k = 3*k + 4*j - 100, 0 = -p*k + 3*j + 270. List the prime factors of k.
2, 23
Let w = -300 - -345. What are the prime factors of w?
3, 5
What are the prime factors of 2/((-30228)/(-7554) + -4)?
1259
Let p(y) = y**3 + 13*y**2 - 6*y**2 - 5 + 2*y + 4 - y. Let d be (66/(-11))/(1 + 1). What are the prime factors of p(d)?
2
Let s(c) = c**3 + 7*c**2 - 9*c + 16. Let t be s(-8). Suppose 2*y - 4*y = -t. What are the prime factors of 8/(-2 - (-27)/y)?
2
Let c(a) = a**3 + 4*a**2 + 4*a + 2. Let z be c(-2). Let h be 17 + 2*(-3)/z. Let g = -1 + h. What are the prime factors of g?
13
What are the prime factors of ((-1276)/(-3))/(-13 - (-320)/24)?
2, 11, 29
Let q(y) = 12*y**2 + y + 3. Suppose -2*k - 3*u = u, 3*k - u - 7 = 0. Let i be q(k). Suppose -j + 5 = -0, j - i = -3*r. What are the prime factors of r?
2
Let t(l) = -l**3 - 4*l**2 - 4*l - 1. Let f be t(-3). Let w be 0 - (-2 + f) - -2. What are the prime factors of (w/(-4))/((-2)/44)?
11
Let q be (1 + -2)*(4 - 596). List the prime factors of q/(-24)*-1*3.
2, 37
Suppose 0 = t - 378 + 58. Suppose 0 = w - 4*p - 92, 0 = 4*w - 3*p - p - t. Suppose 2*f = -3*v + 48, -2*v + 6*v = 4*f - w. What are the prime factors of f?
3, 7
Let v = -29 + 35. Suppose 9*i - v*i = 12. List the prime factors of ((-102)/i)/((-5)/10).
3, 17
Suppose -3*n + 3 = -6. Let d = 18 - n. List the prime factors of 4/(-10) - (-201)/d.
13
Suppose -2*b = -7*b + 1530. Let r = -174 + b. List the prime factors of r.
2, 3, 11
Suppose -159*p = -168*p + 15678. List the prime factors of p.
2, 13, 67
Let f = -83 - -274. Let m = -128 + f. List the prime factors of m.
3, 7
Suppose -8*m = -1088 - 272. Suppose -2*p + 7*p = m. List the prime factors of p.
2, 17
Let l(m) = -2787*m**3 - 5*m - 5. List the prime factors of l(-1).
3, 929
Let s(x) be the first derivative of x**3/3 + 4*x**2 + 18*x - 9. Let u be s(-8). Suppose 3*j - u - 35 = -5*q, 13 = j - 3*q. What are the prime factors of j?
2
Let o = 86 + -52. Let u = 163 - 168. Let g = o + u. What are the prime factors of g?
29
Suppose 3*h + 5*z + 12 = 2*z, -12 = -2*h + 3*z. Suppose h = -3*y + 4*y - 21. What are the prime factors of y?
3, 7
Let k(d) = d**3 - 13*d**2 + 17*d - 10. Let s = -61 - -128. Suppose 5*q - s + 7 = 0. List the prime factors of k(q).
2, 5
Let o = -5 - -10. Suppose 124 = 5*y - 2*v, 0 = v + o - 3. List the prime factors of 18/(-4)*y/(-54).
2
Let x(b) = -b**2 - 6*b + 15. Let z(l) = l + 1. Let k(o) = x(o) - z(o). What are the prime factors of k(-6)?
2, 5
Suppose 0 = k - 2*k + d + 10, -5*k = -4*d - 47. What are the prime factors of (k - 5) + 55 + -2?
5, 11
Let r(u) = -u**2 - 93*u + 232. What are the prime factors of r(-58)?
2, 3, 13, 29
What are the prime factors of 2/25*8545 - (-6)/(-10)?
683
What are the prime factors of 6077/2 - (-2)/4?
3, 1013
Let a(n) = n**3 + 12*n**2 + 9*n + 6. Let t be a(-8). Let l = t - 106. What are the prime factors of l?
2, 3, 7
Let b(z) = z**3 + 23*z**2 - 39*z - 40. What are the prime factors of b(-23)?
857
Let d = 139 - -485. What are the prime factors of d?
2, 3, 13
Suppose h + 12 = 4*h. Suppose -h*m + 10 = m. Suppose m*s = s + 5. What are the prime factors of s?
5
Let z(p) = p**2 - 6*p + 7. Let t be z(5). Let v(w) = 4*w - 7. Let i be v(7). Suppose -s + t*s = i. List the prime factors of s.
3, 7
Let m(u) = -77*u + 8. Let v(w) = 26*w - 3. Let h(i) = -6*m(i) - 17*v(i). Let y be h(-3). Let j = 105 + y. List the prime factors of j.
2, 3
Suppose 46*p - 57*p + 3267 = 0. What are the prime factors of p?
3, 11
Let t(o) = -o**2 + 25*o + 57. List the prime factors of t(22).
3, 41
Let s = 8 + -3. Let u(v) = 2*v**2 - v - 5. List the prime factors of u(s).
2, 5
Suppose -2*d + 0*d = 0. Suppose f - 3 = -d*f. List the prime factors of (34 - 1) + (f - 2).
2, 17
Let y(i) = 2*i - 12. Let l be y(9). Let u be 2/l + (-29)/(-3). Suppose -48 = -2*s + u. List the prim